and 12.
12
Let h(r) = -2*r**3 - 103*r**2 + 14*r - 128. Let c be h(-52). What is the greatest common factor of 672 and c?
168
Suppose 2*p + 0*p - 50 = 0. Suppose -6*q = -156 - 96. Let g = q - p. What is the greatest common divisor of 51 and g?
17
Let q(w) = -w**3 - 2*w**2 - 4*w - 2. Let z be q(-2). Let a = 11204 + -11171. Calculate the highest common divisor of a and z.
3
Let q(v) = 37*v - 36. Suppose m + 6*m = 28. Let x be q(m). Calculate the highest common factor of x and 28.
28
Suppose -5 = -2*g + 9. Let o = g + 0. Suppose -15*u - s = -17*u + 98, -5*u + 4*s = -245. What is the highest common factor of o and u?
7
Let f be (-4)/12 + 5/(-3). Let v be 75 + (-4 - (-3 - f)). Suppose -52*t = -2*l - 51*t + 18, 24 = 2*l - 4*t. What is the highest common factor of l and v?
8
Let o be (-128)/(-36) + (-12)/(-27) + 1. Suppose -3*u - 4*x + 45 + 25 = 0, x = -o. Suppose 3*k = 2*k + 10. Calculate the greatest common divisor of u and k.
10
Let i(b) = b**2 + 5*b - 53. Let r be i(8). Calculate the highest common divisor of 2499 and r.
51
Let q be 1/6 - (5 + 376/(-48)). Let w(a) = -23 - 5*a + 3 + q*a - 1. Let n be w(-12). What is the greatest common divisor of 18 and n?
3
Let q(d) = -18*d - 459. Let w be q(-52). Suppose 8 = -476*v + w*v. Calculate the greatest common divisor of 56 and v.
8
Let z = 47 - 44. Suppose -u + 2 = -3*q, -2*u + z = -5*q - 2. Let t(p) = 41*p**3 + p**2. Let s be t(q). What is the greatest common divisor of 28 and s?
14
Let y(c) = c**3 - 11*c**2 + 14*c - 2. Let x be y(10). Let i = 58 - x. Let d be -1 + 3 + -3 + 1 + 100. Calculate the highest common factor of d and i.
20
Suppose -3*k = 5*c - 5751, 2*c = -3*k - 2*k + 2308. Let l = -850 + c. Calculate the highest common factor of l and 23.
23
Suppose -10 = -a - 5*o + 9, 2*a - 3*o - 12 = 0. Let d be 128/a - (6/27 - 0). Suppose 58 = 8*u - d. Calculate the highest common divisor of 6 and u.
3
Let o = 188 + -161. Suppose -o*n + 16484 = 2876. What is the highest common divisor of n and 56?
56
Suppose 0*t - 48 = -t. Suppose 72 = 71*l - 62*l. Suppose l*d - 9 - 87 = 0. Calculate the highest common divisor of d and t.
12
Let h(t) = -t**3 + 12*t**2 + 11. Let v(u) = u**2 + 8*u + 28. Let m be v(-4). Let s be h(m). Calculate the highest common divisor of 352 and s.
11
Let x be -6 - 5 - (-1423 + -29). Calculate the greatest common factor of x and 22.
11
Let o be 12/(-11) + (-832944)/(-2442). What is the greatest common divisor of o and 2635?
85
Suppose 2*v + 283 = -3*n + 1054, 12 = 2*v. What is the highest common factor of n and 25553?
253
Let o(a) = -a**3 + 8*a**2 - 5*a - 10. Let h(l) = l**3 + 30*l**2 + 2*l + 65. Let i be h(-30). Let q be o(i). What is the highest common factor of q and 24?
8
Suppose 5*j = 2*n - 2, -5*n - 18*j + 21*j + 5 = 0. What is the greatest common divisor of 113 and n?
1
Let h = 28 - 25. Suppose -k = -5*i + h*k + 50, 4*i - 2*k = 34. Let d(s) = 3*s - 63. Let f be d(35). What is the greatest common divisor of f and i?
6
Let u(t) = -t**3 + 16*t**2 + 16*t + 20. Let l be (-2)/18 - (-3696)/216. Let c be u(l). What is the highest common divisor of 21 and c?
3
Let z(k) = 294*k - 1137. Let t be z(4). Let v be (-22)/(-55) - (-1604)/(-10). Let u = -108 - v. Calculate the highest common factor of t and u.
13
Let j be (13/(-26))/(2/(-52)). Suppose j*g - 26 = 143. Let p(i) = -i**2 - 9*i - 7. Let w be p(-5). What is the highest common divisor of g and w?
13
Let x = 2948 - 2938. What is the highest common factor of x and 8?
2
Let x be (-1036)/(-18) + 12/27. Let k = 68 - x. Calculate the greatest common divisor of k and 90.
10
Suppose 0 = 8*u + 864 - 2132 - 8252. What is the greatest common divisor of 280 and u?
70
Let m be (-6593)/(-8) - 8/64. Suppose m = -18*z + 3398. Let n = 17 + -4. Calculate the highest common divisor of n and z.
13
Suppose -20*p - 7*p - 3888 = 0. Let a = p + 151. Suppose 127 + 83 = 6*w. Calculate the highest common factor of w and a.
7
Let h(n) = -n**3 - 3*n**2 + 52*n - 16. Let u be h(-15). Let c = u + -1053. Calculate the greatest common divisor of c and 37.
37
Let f(o) = 3*o**3 - 6*o**2 + 8*o - 10. Let h(d) = d**3 + 5*d**2 - 9*d - 14. Let v be h(-6). Let g be f(v). Calculate the greatest common factor of 177 and g.
59
Let g(v) = -5*v - 1. Let k be g(-5). Suppose -38 = 7*n - 359 - 183. Calculate the highest common factor of n and k.
24
Let j = -216 - -230. Let c be 0/(-3 - -4) + 4. Suppose 3*q + 636 = c*b - q, 4*b + 4*q = 596. What is the greatest common divisor of j and b?
14
Suppose -3*x = -z - 15, x = 3*z + 14 - 1. Let w = 0 + x. What is the greatest common divisor of w and 172?
4
Let m = -8838 - -13521. What is the greatest common divisor of 21 and m?
21
Let o = -47 + 52. Suppose -4*h - 252 = 5*y, y + o*h + 0*h + 42 = 0. Let i = y + 72. Calculate the greatest common divisor of 8 and i.
4
Let m = -90 - -126. Let z = 22916 + -22912. What is the greatest common divisor of z and m?
4
Let h(f) = -3*f**3 + 3*f - 7. Let u be h(3). Let j = 160 + u. What is the greatest common factor of 36 and j?
9
Let c be -10 + 14 + -2*2. Suppose o - 5*w - 46 = c, 7*w = -2*o + 5*w + 32. What is the highest common factor of 84 and o?
21
Suppose 14687*a - 1518 = 14621*a. Calculate the greatest common divisor of 529 and a.
23
Suppose k = -k + 66. Suppose -x - 37 = 13. Let u = x + 105. What is the highest common factor of u and k?
11
Suppose 4*i - 16768 + 16040 = 0. Let c = -30 + 108. What is the highest common divisor of c and i?
26
Suppose -5*u = -15, 6*u = -2*t + 3*u + 53059. What is the greatest common factor of t and 25?
25
Suppose -66*c = -28*c - 27*c - 2079. What is the greatest common divisor of 108 and c?
27
Let k(j) = 43*j - 180. Let a be k(5). Let v(m) = 2*m + 30. Let t be v(-10). What is the highest common divisor of a and t?
5
Let z(i) = -i**3 - 12*i**2 - 26*i + 45. Let n be z(-10). Calculate the highest common factor of n and 273.
21
Let s = 44 - 14. Let n(r) = -16*r + 602. Let a be n(17). What is the highest common factor of a and s?
30
Suppose 50*x - 14931 = -29*x. Calculate the highest common divisor of x and 288.
9
Suppose 194 = j + 5*o, -5*j + 88*o - 75*o = -1274. What is the greatest common divisor of j and 2304?
18
Let a = -24 + 915. Suppose -11*u + a = -561. Calculate the highest common factor of 24 and u.
12
Suppose 7*i + 56 = 8*i. Suppose 3*c - 2 - 6 = n, 5*n = -3*c + 50. Calculate the greatest common factor of n and i.
7
Let z = -99 + 207. Let q = 134 - z. What is the greatest common divisor of q and 117?
13
Let a(x) = -12*x + 36. Let j be a(-8). Let w(v) = v**3 - 5*v**2 + 3*v + 6. Let s be w(6). Calculate the highest common divisor of s and j.
12
Let h be (-11)/((-1496)/424) - (-2)/(-17). Suppose -5*s - 2 - 58 = -h*c, -3*c - s + 78 = 0. Calculate the greatest common divisor of c and 125.
25
Suppose -d - 2*n = 67 - 4, -5*d - 4*n - 285 = 0. Let p(s) = 3*s**2 + 4*s + 2. Let x be p(5). Let b = d + x. What is the highest common factor of b and 396?
44
Let k(u) = -24*u**2 + 10*u + 16 + u**3 + 0 + 10*u + 59. Let p be k(23). What is the highest common divisor of p and 96?
6
Let y(u) = -u**3 - 34*u**2 - 33*u + 165. Let c be y(-33). Calculate the greatest common factor of c and 231.
33
Let u be 3 + -6 + (-1 - 9/(-3)). Let s be -1 + (u/(-2))/((-1)/(-42)). Suppose -22*l + s*l = -290. What is the highest common divisor of l and 58?
29
Suppose 4*k + 54 = 3*x, -8*k + 3*k = -x + 29. Suppose 140 = x*f - 10*f. What is the greatest common factor of 1085 and f?
35
Suppose 2*b - 3*q = -3*b + 369, -b + 5*q = -87. Let j = -265 + 126. Let w = 247 + j. Calculate the highest common factor of w and b.
36
Let a = -1112 + 3162. Suppose -5*k - a = 5*k. Let u = 325 + k. Calculate the greatest common divisor of 15 and u.
15
Suppose 45 = -5*a, 130*h - 124*h + 2*a - 141312 = 0. What is the highest common divisor of h and 35?
35
Suppose -2*v - 3*s = -10120, 5*v - 4*s + 9*s = 25290. Suppose 0 = 20*b - v + 1654. What is the highest common factor of 136 and b?
34
Suppose -3*d - 14*c = -66954, 0 = 25*d - 22*d - 5*c - 67011. What is the highest common factor of d and 12?
12
Let v = -35 + 29. Let k(g) = -30*g - 8. Let b be k(v). What is the greatest common factor of b and 129?
43
Let w(u) = -u**2 + u + 1. Let g(k) = 24*k**3 - 7*k + 6. Let p(v) = g(v) + 4*w(v). Let t be p(2). What is the highest common factor o